lse
Is 2333 a prime number?
True
Is 493289 a composite number?
True
Is 1365161 prime?
False
Is 122993 prime?
False
Is 9967 a prime number?
True
Is 49759 prime?
False
Is 203423 composite?
True
Is 335189 prime?
False
Is 766433 a prime number?
False
Is 668671 a composite number?
False
Is 4891 composite?
True
Is 505493 a composite number?
False
Is 53357 prime?
False
Is 2999635 prime?
False
Is 2833 a prime number?
True
Is 118009 prime?
False
Is 562 composite?
True
Is 42467 composite?
False
Is 2939 a composite number?
False
Is 559747 a composite number?
False
Is 1543 prime?
True
Is 535481 a prime number?
True
Is 74747 a prime number?
True
Is 578147 composite?
True
Is 68033 a prime number?
False
Is 7669 composite?
False
Is 1903 prime?
False
Is 594629 a composite number?
True
Is 27647 a composite number?
False
Is 438317 prime?
False
Is 30995 composite?
True
Is 2319 composite?
True
Is 183587 prime?
True
Is 303799 prime?
False
Is 206699 a composite number?
False
Is 67433 composite?
False
Is 1943 a composite number?
True
Is 24247 a prime number?
True
Is 75979 composite?
False
Is 907637 prime?
True
Is 460871 a composite number?
False
Is 29737 a prime number?
False
Is 2182499 a composite number?
True
Is 24611 prime?
True
Is 1186541 a prime number?
True
Is 192715 a prime number?
False
Is 99559 a prime number?
True
Is 181267 prime?
False
Is 209887 prime?
True
Is 119785 prime?
False
Is 45053 a composite number?
False
Is 83497 prime?
True
Is 7477 a composite number?
False
Is 443363 prime?
True
Is 474059 prime?
True
Is 644729 a prime number?
True
Is 3493 prime?
False
Is 155053 prime?
False
Is 622663 a composite number?
False
Is 485365 prime?
False
Is 3991 composite?
True
Is 23354 a composite number?
True
Is 570329 a prime number?
True
Is 2458759 composite?
False
Is 782641 a prime number?
True
Is 3581 a composite number?
False
Is 24257 a prime number?
False
Is 34913 composite?
False
Is 6245 a composite number?
True
Is 14699 a prime number?
True
Is 5669 a prime number?
True
Is 24317 a composite number?
False
Is 204397 a prime number?
True
Is 5479 a composite number?
False
Is 23797 a prime number?
False
Is 8923 composite?
False
Is 218539 composite?
True
Is 134111 prime?
False
Is 209927 prime?
True
Is 4164367 a prime number?
True
Is 25001 prime?
False
Is 2459 a prime number?
True
Is 3648067 composite?
False
Is 629363 prime?
False
Is 94181 prime?
False
Is 1907249 a composite number?
False
Is 5999 prime?
False
Is 9151 a prime number?
True
Is 48563 a composite number?
False
Is 126517 a prime number?
True
Is 28199 composite?
True
Is 161327 composite?
True
Is 1170921 prime?
False
Is 2223257 a composite number?
True
Is 7817 prime?
True
Is 21587 a composite number?
False
Is 1129943 composite?
True
Is 954895 composite?
True
Is 61177 a composite number?
True
Is 169527 a composite number?
True
Is 4621 prime?
True
Is 7031 composite?
True
Is 2785 prime?
False
Is 36187 a composite number?
False
Is 43721 prime?
True
Is 32217 composite?
True
Is 717 a prime number?
False
Is 518099 prime?
True
Is 22051 a composite number?
False
Is 9809 a composite number?
True
Is 17735 a composite number?
True
Is 1467829 composite?
True
Is 131554 composite?
True
Is 648103 a prime number?
False
Is 73279 composite?
True
Is 28151 prime?
True
Is 491362 composite?
True
Is 12451 a composite number?
False
Is 17291 prime?
True
Is 746537 a composite number?
True
Is 1985 composite?
True
Is 187735 a composite number?
True
Is 49867 a prime number?
False
Is 29567 composite?
False
Is 914117 a prime number?
True
Is 12827 prime?
False
Is 554051 a composite number?
False
Is 15161 a prime number?
True
Is 23549 composite?
False
Is 22339 a composite number?
True
Is 95017 prime?
False
Is 224443 a prime number?
True
Is 167861 a composite number?
False
Is 128665 a prime number?
False
Is 166261 composite?
True
Is 106459 a composite number?
True
Is 330163 composite?
True
Is 1709 prime?
True
Is 14899 composite?
True
Is 10233385 a prime number?
False
Is 1355741 a prime number?
True
Is 11567 a prime number?
False
Is 8147 prime?
True
Is 154867 composite?
True
Is 161193 composite?
True
Is 1441751 prime?
True
Is 122635 a composite number?
True
Is 82457 prime?
True
Is 372059 a prime number?
True
Is 852437 prime?
True
Is 118559 a prime number?
False
Is 2470181 a composite number?
True
Is 28463 a composite number?
False
Is 49697 prime?
True
Is 799003 composite?
False
Is 233099 composite?
True
Is 2579 a composite number?
False
Is 32491 prime?
True
Is 175577 composite?
True
Is 2329 a prime number?
False
Is 13043 composite?
False
Is 635777 a prime number?
True
Is 2203649 composite?
True
Is 7885381 prime?
False
Is 157 a composite number?
False
Is 4229 prime?
True
Is 61121 composite?
False
Is 69371 a prime number?
True
Is 44947 a composite number?
True
Is 112643 composite?
False
Is 134609 a composite number?
False
Is 41887 prime?
True
Is 151273 composite?
False
Is 1332881 prime?
False
Is 5981 a prime number?
True
Is 30993 prime?
False
Is 42049 composite?
True
Is 19577 a composite number?
False
Is 1513 a composite number?
True
Is 56137 prime?
False
Is 17339 composite?
True
Is 21737 composite?
False
Is 116257 a prime number?
True
Is 457571 a prime number?
True
Is 42533 prime?
True
Is 100313 a prime number?
True
Is 626 prime?
False
Is 487 composite?
False
Is 282001 composite?
False
Is 755 a composite number?
True
Is 81799 prime?
True
Is 35201 a prime number?
True
Is 80365 composite?
True
Is 6947 a prime number?
True
Is 344321 composite?
False
Is 131969 prime?
True
Is 32831 composite?
False
Is 753439 composite?
False
Is 28051 a prime number?
True
Is 5747 a composite number?
True
Is 47023 a prime number?
False
Is 1693 a prime number?
True
Is 147761 composite?
False
Is 528863 prime?
True
Is 505759 composite?
False
Is 84263 prime?
True
Is 35141 a composite number?
False
Is 22735 a prime number?
False
Is 2181 a composite number?
True
Is 176603 a composite number?
True
Is 59141 composite?
False
Is 1657 composite?
False
Is 2576437 composite?
True
Is 22745 a prime number?
False
Is 3299 composite?
False
Is 98653 prime?
False
Is 7069 a composite number?
False
Is 19121 a composite number?
False
Is 1840295 a prime number?
False
Is 409 a composite number?
False
Is 11587 prime?
True
Is 72598 composite?
True
Is 149857 prime?
False
Is 14635 a composite number?
True
Is 61921 prime?
False
Is 177643 a prime number?
False
Is 7069 prime?
True
Is 6113 a composite number?
False
Is 2811503 a composite number?
False
Is 767 a composite number?
True
Is 86677 a prime number?
True
Is 61121 a prime number?
True
Is 1361 composite?
False
Is 1623 composite?
True
Is 38401 composite?
True
Is 1511 a prime number?
True
Is 34835 a composite number?
True
Is 67495 a prime number?
False
Is 94181 a prime number?
False
Is 141727 prime?
False
Is 787217 a prime number?
True
Is 7438 a prime number?
False
Is 142097 a prime number?
True
Is 10783 prime?
False
Is 5381 a composite number?
False
Is 935863 a composite number?
True
Is 911819 prime?
True
Is 964051 a composite number?
True
Is 17587 composite?
True
Is 177746 composite?
True
Is 437213 a prime number?
False
Is 131357 prime?
True
Is 17273 a prime number?
False
Is 897619 prime?
False
Is 760803 a prime number?
False
Is 3486463 a prime number?
True
Is 135301 composite?
False
Is 10651 a prime number?
True
Is 6299 prime?
True
Is 111467 a prime number?
True
Is 97907 prime?
False
Is 653311 a prime number?
True
Is 1575185 prime?
False
Is 694877 prime?
False
Is 14503 a prime number?
True
Is 154057 a composite number?
False
Is 1978393 a prime number?
True
Is 47777 prime?
True
Is 889 prime?
False
Is 437641 a prime number?
True
Is 595609 prime?
False
Is 7939619 prime?
True
Is 5897 a prime number?
True
Is 16787 prime?
True
Is 649443 composite?
True
Is 36293 prime?
True
Is 207923 composite?
False
Is 10151 a prime number?
True
Is 33551 prime?
False
Is 2232235 a composite number?
True
Is 1923 composite?
True
Is 128581 a composite number?
True
Is 1007 a composite number?
True
Is 7499 composite?
False
Is 48385 a composite number?
True
Is 8419453 composite?
True
Is 243457 composite?
True
Is 65903 prime?
False
Is 236261 a composite number?
False
Is 376997 composite?
True
Is 2361 prime?
False
Is 26903 composite?
False
Is 5438 composite?
True
Is 35